ens digit of b?
9
Let q = 7 + 56. Suppose 395 = 3*o + i, 3*o + 5*i - 328 - q = 0. What is the hundreds digit of o?
1
Suppose -11*w = -13*w - 8, -5*w + 75052 = 3*b. What is the thousands digit of b?
5
Let o(c) = -9*c - 10. Let u be o(-6). Suppose u = -3*m + 2*v, 2*m - 2*v + 12 = -5*v. Let t = 47 + m. What is the units digit of t?
5
Suppose -485*k - 910 = -472*k. Let v(c) = -138*c**2 + 1. Let s be v(1). Let j = k - s. What is the tens digit of j?
6
Suppose -4*h = 10 - 22. Let c(r) = -9*r**2 + 7 - 17 - 12*r + 0*r**3 + r**h. What is the hundreds digit of c(11)?
1
Suppose -59*o + 51313 = -36*o. What is the thousands digit of o?
2
Let f be 2/(-17) - 696/(-136). Suppose 3*t = -2*t + 5*w + 3715, 4*t = -f*w + 2954. What is the units digit of t?
1
Suppose 1111880 - 3904904 = -104*k. What is the tens digit of k?
5
Let k be 6/4*-2*(-1413 + 12). Suppose 6*f - k - 4035 = 0. What is the thousands digit of f?
1
What is the thousands digit of (246 + -245)/((-1)/(-66707))?
6
Suppose 19*a - 1474054 = -490633. What is the ten thousands digit of a?
5
Let o(q) = 6*q**2 - 31. Let x be o(-12). Let i = 1643 - x. What is the hundreds digit of i?
8
Let y(q) be the second derivative of 18*q + 5/12*q**4 + 0 - q**3 + 0*q**2. What is the units digit of y(-5)?
5
Suppose 20 = 4*d + d + h, 0 = -5*d - 2*h + 25. Suppose 2*t + d*b = 4*t - 915, 0 = -2*t + 2*b + 918. What is the units digit of t?
2
Suppose -4723 - 42247 = -5*q. What is the units digit of q?
4
Suppose -7*h + 510 = 27*h. Suppose -h*l = -7025 - 2680. What is the hundreds digit of l?
6
Suppose -541*t + 536*t = -2*f - 289943, -t - 4*f + 57949 = 0. What is the thousands digit of t?
7
Suppose 4*i - 12520 = -5*p - 3531, 0 = 5*p + i - 8986. What is the tens digit of p?
9
Let u(n) = 36*n**2 + 126*n - 1873. What is the units digit of u(13)?
9
What is the hundreds digit of 147/(-490) - 13*(-18655)/50?
8
Let y(m) = -347*m + 7718. What is the tens digit of y(0)?
1
Suppose -2*n + 11796 = -1492. What is the thousands digit of n?
6
Let a = 1835 + -4574. What is the hundreds digit of 32/128 - a/4?
6
Let b(k) be the second derivative of 82*k**4/3 - k**3/6 + k**2 - 60*k. What is the tens digit of b(1)?
2
Suppose -1 = -f + 179. Let s = f + -39. Let u = 29 + s. What is the hundreds digit of u?
1
Let i(h) = -1195*h - 618. What is the tens digit of i(-4)?
6
Let a be (-8)/(-36) + (-9)/(81/(-2428)). Let d = a - 161. What is the tens digit of d?
0
Suppose 2*m - 3 = z - 7, 0 = -4*m + 5*z - 20. Suppose m = -n + 933 + 12. What is the tens digit of n?
4
Let y(i) = i**2 - 12*i - 4. Let q be y(-6). Suppose q = 29*p - 33*p. Let a = p + 68. What is the tens digit of a?
4
Let c(p) = 900*p**2 - 172*p - 14. What is the units digit of c(4)?
8
Suppose -w + 28922 = k, -2*k + w + 79068 = 21227. What is the thousands digit of k?
8
Suppose -5*v + 27 = p, 5*v + 5*p - 41 + 6 = 0. Suppose -v*j + 2090 = -d, 0 = 5*j - 4*d - 1451 - 654. What is the units digit of j?
7
Suppose 5*k - 3*m - 20 = 0, 3*k - 7*m + 3*m = 12. Suppose k*c - 556 = 388. What is the units digit of c?
6
Let u be (-5)/10*(1 + -1). Suppose u = 4*h - 3*h - 204. What is the hundreds digit of h?
2
Let i(a) be the third derivative of 13*a**5/15 + 15*a**4/8 + 29*a**3 + 2*a**2 - 80. What is the units digit of i(-4)?
6
Let y = -49 + 65. Let n(w) = -w**2 + 15*w + 16. Let a be n(y). What is the units digit of a/(-2) + 7 - (-2 + 6)?
3
Let x(f) = 1116*f + 3545. What is the hundreds digit of x(9)?
5
Suppose 2*x + x + 2*z + 5054 = 0, z + 3371 = -2*x. Let h = -974 - x. What is the units digit of h?
4
Let z = 2696 - 2196. What is the hundreds digit of z?
5
Let f be (-14 + -6)/(-1) + -7. Suppose 9*p = f*p - 2*v - 3598, 0 = 5*p - 4*v - 4493. What is the units digit of p?
1
Let w(y) = 148*y**2 + 19*y - 38. What is the units digit of w(9)?
1
Let r(h) = -5*h - 1. Let x(g) = g. Let a(s) = -2*r(s) - 9*x(s). Let y be a(3). Suppose 4*w = y*n + 65, -3*w + 71 = w - 3*n. What is the units digit of w?
0
Let n = -212 - -217. Suppose -1302 = -n*s + 258. What is the hundreds digit of s?
3
Let a(s) = -s**3 + 4*s**2 - s + 1166. Let c be a(0). Suppose 5*r + 6*r = c. What is the hundreds digit of r?
1
Suppose 5*p - 8 = -2*a, 5*a - 5*p - 33 - 22 = 0. Suppose -10*k = a*k - 11305. What is the tens digit of k?
9
Let b be (-7)/((-3)/(-1) - 4). Suppose 37 = -u + 3*o, 0 = u + 3*o - 0*o + 25. What is the hundreds digit of (b/(-1) - -2)*u?
1
Let p(m) = -5*m - 14. Let l be p(-8). Suppose -l*q - q + 12852 = 0. What is the tens digit of q?
7
Suppose -3*n + 5*p = -20815 - 156045, p - 176812 = -3*n. What is the hundreds digit of n?
9
Suppose n = 5*m - 58, -m - 3*m - 3*n + 54 = 0. Let z(d) = -12 + d + m*d - 53*d - 4*d. What is the units digit of z(-5)?
8
Suppose 0 = -59*j + 334 + 492. Let r(v) = -40*v - 1. Let q be r(-2). Let l = j + q. What is the units digit of l?
3
Let j(u) = -4*u + 51. Suppose -4*z - 107 = -5*k, 13*k - 61 = 2*z + 8*k. What is the hundreds digit of j(z)?
1
Let o be 208/6*((-42)/(-4))/(-1). Let y = o + 687. What is the tens digit of y?
2
Suppose 26 = 5*c - 34. Suppose 2*h + c = 5*h. Suppose -j + 2*x + 283 = 0, -h*j - 2*x = -8*j + 1108. What is the hundreds digit of j?
2
Let f = 20 + -15. Suppose 5*n - 15 = 5*l, -l - 4*l = f. Suppose 0 = n*x - 3*x + 79. What is the tens digit of x?
7
Suppose -2*d = -f - 166, -4*f - 703 = -6*d + 11*d. Let t = 55 - f. Suppose 4*r = t + 561. What is the units digit of r?
7
Let g be -8 - 80/(-8) - -1*3. Suppose r + 717 = v, g*r = 5*v + 2*r - 3581. What is the tens digit of v?
1
Suppose -13342*z - 22374 = -13353*z. What is the hundreds digit of z?
0
Let v(o) = -170*o + 4. Let r be v(-9). Let x(z) = -z**3 + 7*z**2 + 31*z - 3. Let t be x(10). Suppose 6*l = -t*l + r. What is the hundreds digit of l?
1
Let d be (2/(-10))/(2/(-2830)). Suppose -d = -u + 32. What is the hundreds digit of u?
3
Let n = -33637 - -64518. What is the tens digit of n?
8
Suppose 2*o - 428 = -5*n + 5485, -4*n - 5940 = -2*o. What is the units digit of o?
4
Let o(f) = -f**2 + 6*f - 2. Let s be o(4). Suppose 8*z - 20 = s*z. Let w(k) = -2*k**2 + 20*k + 6. What is the units digit of w(z)?
6
Let a(m) = 573*m**2 - 53*m - 258. What is the hundreds digit of a(-5)?
3
Let o(r) = -r**3 + 14*r**2 - 6*r + 11. Let j be o(12). Suppose 2*m = -0*m + y + j, -2*m + 202 = 4*y. Let a = m - -52. What is the units digit of a?
3
Suppose -22376 = -2*w - 3*v, w - 5*v = 9533 + 1668. What is the hundreds digit of w?
1
Let q = 11294 + -6588. What is the hundreds digit of q?
7
Let q be 408/90*-3 + (-6)/15. Let c = -19 - 49. Let i = q - c. What is the units digit of i?
4
Suppose -11*q = -13*q - 15*q + 151453. What is the hundreds digit of q?
9
Let n be -4 + 0 + 4 + -3. What is the units digit of (n - (-28)/4)/2 + 216?
8
Let a(v) = -2 + 9*v - v**2 - 3*v + 13 - 13*v. Let w(f) = -f**3 + 5*f**2 - f - 1. Let g be w(5). What is the units digit of a(g)?
7
Let o(v) = v**3 + 37*v**2 + 78*v + 122. What is the tens digit of o(-23)?
3
Suppose 5*p = 2*f + 126418, 5*f - 9*f = 4*p - 101112. What is the hundreds digit of p?
2
Let l = -70 + 135. Suppose -53 = h + l. Let o = 367 + h. What is the tens digit of o?
4
Suppose -2*l = a + 10, a + 8 = -4*l - 8. What is the hundreds digit of 0/(-4 - (1 + l)) - -314?
3
Suppose 50*x = -3025 - 1025. Let w = -201 + 82. Let j = x - w. What is the units digit of j?
8
Let f be (-26)/(-39) + (-20)/3. What is the tens digit of (f/5)/(5/(-1300))?
1
Let g(w) = -73*w**3 + 10*w**2 - 2*w + 18. What is the thousands digit of g(-6)?
6
What is the thousands digit of 9/21 + 1332624/84 - (4 + 1)?
5
Let s(a) be the second derivative of 4*a**4/3 + 5*a**3/3 - 39*a**2/2 - 46*a. What is the tens digit of s(5)?
1
Let z be (-6133)/(-5) - (-20)/50. Suppose 5*b - 4*d - z = 0, -b + 0*b + 245 = -d. Suppose 0 = -4*a + j + b - 55, a - 48 = 4*j. What is the units digit of a?
8
Suppose 4*v - v + 3*u = 9, 0 = -2*v + u + 6. Let g(w) = 9*w - 5 + 5*w + 3*w + 1. What is the units digit of g(v)?
7
Let j = 2059 + 1059. Suppose -5*s = 3*x - j, 3*s + x - 2065 = -195. What is the tens digit of s?
2
What is the hundreds digit of (-18 - 1548/(-81))*31527?
0
Suppose 166814 = 116*w + 200953 - 607295. What is the tens digit of w?
4
Suppose -2*q + 3*q - 3*x - 32 = 0, -2*x = -2*q + 44. What is the hundreds digit of (17 - q) + 1 + 487?
4
Suppose -78*m = -91*m + 39754. Suppose -4*w + 